24?
8
Suppose -2 = -p, -4*x - 3*p - 36 = -382. Let j = 65 + -30. Calculate the greatest common factor of j and x.
5
Let i = -9092 + 9344. Calculate the highest common divisor of i and 276.
12
Suppose 4*x - 5841 = 29619. What is the highest common divisor of x and 45?
45
Suppose -o - 18*k + 22*k + 61 = 0, 3*o - 4*k = 167. Calculate the greatest common factor of o and 29733.
53
Let n = -10743 + 11613. What is the highest common factor of n and 30?
30
Suppose 36*a - 38*a = 2. Let z(y) = -18*y**3 - 3*y**2 - 6*y - 3. Let w be z(a). Calculate the greatest common factor of 12 and w.
6
Let x = -3132 - -3737. What is the greatest common factor of 30 and x?
5
Let l = -245 - -247. Let g be 4*(1 - l)*(-714)/204. What is the highest common factor of g and 203?
7
Let s = 3671 + -3515. What is the greatest common factor of 84 and s?
12
Let f = 7077 + -7049. What is the highest common factor of f and 5124?
28
Let h(g) = -3*g**2 + 9*g. Let i be h(2). Let n be (-200)/(-3)*9/i. What is the highest common factor of 4 and n?
4
Suppose -9*x + 5292 = 31*x + 12. Calculate the highest common factor of 1100 and x.
44
Suppose -153*l = 33*l - 1302. Let v(p) = -21*p. Let n be v(-2). Suppose -126 = -l*f - n. What is the greatest common divisor of 24 and f?
12
Suppose 0 = 4*i - 8, -97*p - i + 45314 = -93*p. Calculate the greatest common divisor of p and 36.
12
Let a = -9669 - -11849. What is the highest common factor of a and 40?
20
Suppose 0 = 53*d - 148*d + 79*d + 78000. What is the highest common factor of d and 130?
65
Let m = 0 - -4. Suppose -m*g - 104 = -8*g. Let a = 36 - g. What is the greatest common factor of 80 and a?
10
Let l(n) = -2*n + 26. Suppose 4*i - 47 + 3 = 0. Let o be l(i). Suppose 3*k + 3*s = o*s + 12, -3*k - 3*s = 0. Calculate the greatest common divisor of 15 and k.
3
Let c(p) = -3*p**3 + 39*p**2 + 3*p + 97. Let d be c(13). Calculate the greatest common factor of d and 5372.
68
Suppose 19*n - 286 = 92*n - 1600. Calculate the highest common divisor of n and 4734.
18
Let b be 2/(-1) - 96/(-84) - 2508/(-231). What is the greatest common divisor of 1570 and b?
10
Let r = 4762 + -4686. What is the highest common factor of 3287 and r?
19
Suppose 4*r - 2*g - 2746 = 0, -r + 3*g - 1353 = -3*r. What is the greatest common factor of r and 972?
36
Suppose -815*j = -813*j + 2*b - 8816, 4*b = -j + 4399. What is the greatest common factor of j and 11?
11
Let q be 1965360/266 + 4/(-7). Suppose -10*v = -4*t - 7*v + q, -v = -t + 1846. What is the greatest common factor of t and 74?
74
Suppose 27*w = 25*w - 2*v + 1496, -v = -4*w + 2972. Calculate the greatest common factor of 32 and w.
8
Let w(g) = 2*g + 231. Let r be w(80). What is the highest common divisor of 161 and r?
23
Suppose 10*x + 6 = 12*x. Let q(u) = -23*u + 139. Let o be q(x). Calculate the highest common factor of 30 and o.
10
Suppose 0 = 5*r - 20, -124 = -3*q + 5*r + 87. Suppose 0 = -18068*m + 18071*m + 3*t - 45, -3*t - 151 = -4*m. Calculate the greatest common factor of m and q.
7
Suppose -5*j = -2*f - 389, -250*f + 248*f = 4*j - 304. Calculate the highest common divisor of 490 and j.
7
Let q be 2 - (0 + 3 + -1 + 2). Let a be (-1 + 8)*q/(-14). Suppose 0*t + 4*y - 8 = -2*t, 4*y = -t. What is the greatest common factor of t and a?
1
Suppose -34004 = -5*r - c, -287*r + 290*r - 20424 = 3*c. What is the highest common divisor of r and 38?
38
Suppose -3*z + 126 = 120. What is the greatest common divisor of 142 and z?
2
Let n(g) = -g**3 + 5*g**2 - 14*g + 10. Let v be n(5). Let m be v + 9/(-2 + -1). Let o be (216/m)/((-1)/28). What is the highest common factor of 24 and o?
24
Let b = -35 + 65. Let i = 161 + 74. Let j = 247 - i. Calculate the highest common divisor of b and j.
6
Let r = -28607 + 28620. What is the greatest common factor of r and 8658?
13
Let j be 3/(-3)*15/3. Let i be 3/j + 56/10. Suppose -16*a = -21*a + 10. What is the greatest common factor of i and a?
1
Let n be (-3 - (1 + -6))*12/24. What is the highest common divisor of 211 and n?
1
Let c = -89 - 381. Let n = 518 + c. Calculate the highest common divisor of n and 64.
16
Let m = -687 + 679. Let q be (30/m - (-16)/(-64))*-4. What is the highest common factor of q and 272?
16
Let p(z) = -z**3 - 16*z**2 - 16*z - 31. Let q be p(-15). Let a be 9/(6/(-2)) + (-3 - q). Calculate the greatest common divisor of a and 110.
10
Suppose c - 16 = -5*u, 17 = 2*c + 2*u + 3*u. Let y be 5/10*(0 - -13 - c). Let w be (2/(-6))/(1/(-6)). Calculate the highest common factor of y and w.
2
Let m(y) = -y**3 + 12*y**2 + y + 26. Let d be 10*((-12)/15 - (15 + -17)). Let q be m(d). Calculate the highest common divisor of q and 6.
2
Let x be (-6)/8 + (-133)/(-28). Suppose -x*s - i + 1217 = 0, -2*s - 3*s + 3*i = -1517. What is the greatest common divisor of s and 19?
19
Let s = 75 - 44. Let o = 32 - s. Suppose 0*b + b - 8 = 0. What is the highest common factor of o and b?
1
Suppose 16*n + 450 = 7*n. Let q be 1 + (-4)/2 - n. Calculate the greatest common factor of 28 and q.
7
Suppose -2*s + 112 = h, h + 3*s = -0*h + 112. Suppose -16 = -g - 4*z, 8 = -3*g + 2*z + h. What is the greatest common divisor of g and 320?
32
Let z be (-5841)/(-14 - 19) + 6 + -1. What is the greatest common factor of z and 19474?
182
Suppose -1077 = -25*c + 3548. Let g = c + -14. Calculate the greatest common factor of g and 57.
57
Let m = -82 - -39. Let w = 50 + m. Suppose 3*r = 4*r - w. Calculate the highest common divisor of 77 and r.
7
Let v = -7 - -13. Let i be -4 + v/(-9)*-66. Suppose -8*d + 12*d - i = 0. Calculate the greatest common divisor of 25 and d.
5
Suppose -1156 = -5*c + 2*l, -2*c + 0*c = 4*l - 448. Let f be (-32)/4*(27/6 + -4). Let s be 83 + 5 + 0 - f. Calculate the greatest common factor of s and c.
46
Suppose -5*h = 3*y - 563, y = -4*h + 315 - 111. Suppose -3*g + 8*g - 220 = 0. Calculate the greatest common divisor of y and g.
44
Let j be (32/5)/(1*4/100). Suppose -84*v + 720 = -72*v. Calculate the greatest common divisor of v and j.
20
Let y be (-106)/(-10) + (-3)/5. Suppose -4*n - 22*n + 2046 = 67*n. Calculate the highest common factor of n and y.
2
Let c be (6/(-5))/((-231)/6160). What is the greatest common factor of c and 136?
8
Suppose 0 = o - 13 - 12. Suppose 151 = 28*t - 129. Let u be 24/t + 15/o. Calculate the highest common divisor of u and 6.
3
Let w be (-39 - -37 - 4*1) + (544 - -1). What is the greatest common factor of 154 and w?
77
Let a = -652 - -654. Suppose -21*s + 16*s = a*o - 2046, 0 = s + o - 411. What is the greatest common divisor of s and 51?
51
Let m(q) = q**3 + q**2 - 53*q - 45. Let y be m(10). Calculate the highest common divisor of y and 9275.
175
Suppose 3*f = 339 + 210. Suppose 3*i = 5*i - 2*l + 86, 5*i = -3*l - f. Let u = i + 51. What is the highest common divisor of 36 and u?
12
Let y = -14 - -75. Let d = y - 71. Let h be (0 + d/(-15))*3. Calculate the greatest common divisor of 2 and h.
2
Let a = -9063 - -9123. Let g = 719 - 479. Calculate the greatest common factor of a and g.
60
Suppose -d - 5 = -5*x, -5*d + x + 0*x = -23. Suppose -t - 72 = -5*h - 8, 0 = -h - d*t - 8. Calculate the greatest common factor of h and 36.
12
Suppose -5*u - 2*y = -64, -12*u + 4*y - 44 = -15*u. Let s be 6/9 + 346/3. What is the highest common divisor of u and s?
4
Let d = 7669 - 6477. Calculate the highest common factor of 447 and d.
149
Suppose 45 = 4*n - 567. Let p = -104 - -121. Calculate the greatest common divisor of n and p.
17
Let j(p) = -2*p + 3394. Let h be j(-79). Calculate the greatest common divisor of h and 111.
111
Let z = 3 + 39. Let y be z - (-1)/(-2)*-8. Suppose 4*q - 50 - y = 0. What is the highest common divisor of 264 and q?
24
Let r be (7 - 6)*(-5 + 10) + -5. Suppose 10*f - 144 - 96 = r. Calculate the greatest common divisor of 648 and f.
24
Let b(i) = i**2 + 32*i + 16. Let t be b(-32). Suppose -t*n + 4*n + 1824 = 0. Calculate the highest common divisor of 19 and n.
19
Suppose -1123 + 457 = -3*x + z, 5*z = 5*x - 1120. Let l = x - -24. What is the greatest common factor of l and 35?
35
Let q(o) = 69*o**2 - 50*o + 149. Let u be q(3). What is the greatest common factor of u and 160?
20
Suppose 5*a - 7 = -5*v + 93, 0 = 4*a - 4*v - 40. Let i be 0 - 4 - 0 - (77 - -1). Let o = 97 + i. Calculate the highest common divisor of o and a.
15
Suppose -8*f + 717 = 